{"id":757,"date":"2026-03-22T11:30:06","date_gmt":"2026-03-22T14:30:06","guid":{"rendered":"https:\/\/jetasolutions.com.br\/vitrine\/?post_type=product&#038;p=757"},"modified":"2026-03-30T14:34:36","modified_gmt":"2026-03-30T17:34:36","slug":"batedor-misturador-mixer-eletrico-para-bebidas-leite-cafe-clara-de-ovo-2-em-1","status":"publish","type":"product","link":"https:\/\/jetasolutions.com.br\/vitrine\/?product=batedor-misturador-mixer-eletrico-para-bebidas-leite-cafe-clara-de-ovo-2-em-1","title":{"rendered":"Batedor Misturador Mixer El\u00e9trico para Bebidas Leite Caf\u00e9 Clara de Ovo 2 em 1"},"content":{"rendered":"<h6>Batedor Misturador Mixer El\u00e9trico para Bebidas Leite Caf\u00e9 Clara de Ovo 2 em 1<\/h6>\n","protected":false},"excerpt":{"rendered":"<p>Batedor Misturador Mixer El\u00e9trico para Bebidas Leite Caf\u00e9 Clara de Ovo 2 em 1<\/p>\n","protected":false},"featured_media":758,"comment_status":"open","ping_status":"closed","template":"","meta":{"_monsterinsights_skip_tracking":false,"_monsterinsights_sitenote_active":false,"_monsterinsights_sitenote_note":"","_monsterinsights_sitenote_category":0,"_uf_show_specific_survey":0,"_uf_disable_surveys":false,"_joinchat":[]},"product_brand":[],"product_cat":[126],"product_tag":[55,53,57],"class_list":{"0":"post-757","1":"product","2":"type-product","3":"status-publish","4":"has-post-thumbnail","6":"product_cat-achadinhos","7":"product_tag-most-popular","8":"product_tag-top-rated","9":"product_tag-top-selling","11":"first","12":"instock","13":"shipping-taxable","14":"product-type-external"},"jetpack_sharing_enabled":true,"_links":{"self":[{"href":"https:\/\/jetasolutions.com.br\/vitrine\/index.php?rest_route=\/wp\/v2\/product\/757","targetHints":{"allow":["GET"]}}],"collection":[{"href":"https:\/\/jetasolutions.com.br\/vitrine\/index.php?rest_route=\/wp\/v2\/product"}],"about":[{"href":"https:\/\/jetasolutions.com.br\/vitrine\/index.php?rest_route=\/wp\/v2\/types\/product"}],"replies":[{"embeddable":true,"href":"https:\/\/jetasolutions.com.br\/vitrine\/index.php?rest_route=%2Fwp%2Fv2%2Fcomments&post=757"}],"wp:featuredmedia":[{"embeddable":true,"href":"https:\/\/jetasolutions.com.br\/vitrine\/index.php?rest_route=\/wp\/v2\/media\/758"}],"wp:attachment":[{"href":"https:\/\/jetasolutions.com.br\/vitrine\/index.php?rest_route=%2Fwp%2Fv2%2Fmedia&parent=757"}],"wp:term":[{"taxonomy":"product_brand","embeddable":true,"href":"https:\/\/jetasolutions.com.br\/vitrine\/index.php?rest_route=%2Fwp%2Fv2%2Fproduct_brand&post=757"},{"taxonomy":"product_cat","embeddable":true,"href":"https:\/\/jetasolutions.com.br\/vitrine\/index.php?rest_route=%2Fwp%2Fv2%2Fproduct_cat&post=757"},{"taxonomy":"product_tag","embeddable":true,"href":"https:\/\/jetasolutions.com.br\/vitrine\/index.php?rest_route=%2Fwp%2Fv2%2Fproduct_tag&post=757"}],"curies":[{"name":"wp","href":"https:\/\/api.w.org\/{rel}","templated":true}]}}