{"id":584,"date":"2026-03-20T12:42:37","date_gmt":"2026-03-20T15:42:37","guid":{"rendered":"https:\/\/jetasolutions.com.br\/vitrine\/?post_type=product&#038;p=584"},"modified":"2026-03-25T17:30:48","modified_gmt":"2026-03-25T20:30:48","slug":"cinzeiro-inteligente-jetasolutions-com-furinhos-que-evita-odores","status":"publish","type":"product","link":"https:\/\/jetasolutions.com.br\/vitrine\/?product=cinzeiro-inteligente-jetasolutions-com-furinhos-que-evita-odores","title":{"rendered":"Cinzeiro inteligente Jetasolutions com furinhos que evita odores"},"content":{"rendered":"<h6>Cinzeiro JETASOLUTIONS de Mesa Preto com furinhos de Reservat\u00f3rioAnti odor Resistente Lav\u00e1velABS Preto Funcionalidade e praticidade para o seu espa\u00e7o.Este cinzeiro com tampa \u00e9 ideal para manter a limpeza e a organiza\u00e7\u00e3o em ambientes internos ou externos. Seu design inteligente com tampa remov\u00edvel facilita o descarte, evita odores e melhora a higiene do local.<\/h6>\n","protected":false},"excerpt":{"rendered":"<p>Cinzeiro JETASOLUTIONS de Mesa Preto com furinhos de Reservat\u00f3rioAnti odor Resistente Lav\u00e1velABS Preto Funcionalidade e praticidade para o seu espa\u00e7o.Este cinzeiro com tampa \u00e9 ideal para manter a limpeza e a organiza\u00e7\u00e3o em ambientes internos ou externos. Seu design inteligente com tampa remov\u00edvel facilita o descarte, evita odores e melhora a higiene do local.<\/p>\n","protected":false},"featured_media":1257,"comment_status":"open","ping_status":"closed","template":"","meta":{"_monsterinsights_skip_tracking":false,"_monsterinsights_sitenote_active":false,"_monsterinsights_sitenote_note":"","_monsterinsights_sitenote_category":0,"_uf_show_specific_survey":0,"_uf_disable_surveys":false,"_joinchat":[]},"product_brand":[102,101],"product_cat":[126,100],"product_tag":[103,55,53,57],"class_list":{"0":"post-584","1":"product","2":"type-product","3":"status-publish","4":"has-post-thumbnail","6":"product_brand-jetaplast","7":"product_brand-jetasolutions","8":"product_cat-achadinhos","9":"product_cat-jetasolutions","10":"product_tag-jetasolutions","11":"product_tag-most-popular","12":"product_tag-top-rated","13":"product_tag-top-selling","15":"first","16":"instock","17":"shipping-taxable","18":"product-type-external"},"jetpack_sharing_enabled":true,"_links":{"self":[{"href":"https:\/\/jetasolutions.com.br\/vitrine\/index.php?rest_route=\/wp\/v2\/product\/584","targetHints":{"allow":["GET"]}}],"collection":[{"href":"https:\/\/jetasolutions.com.br\/vitrine\/index.php?rest_route=\/wp\/v2\/product"}],"about":[{"href":"https:\/\/jetasolutions.com.br\/vitrine\/index.php?rest_route=\/wp\/v2\/types\/product"}],"replies":[{"embeddable":true,"href":"https:\/\/jetasolutions.com.br\/vitrine\/index.php?rest_route=%2Fwp%2Fv2%2Fcomments&post=584"}],"wp:featuredmedia":[{"embeddable":true,"href":"https:\/\/jetasolutions.com.br\/vitrine\/index.php?rest_route=\/wp\/v2\/media\/1257"}],"wp:attachment":[{"href":"https:\/\/jetasolutions.com.br\/vitrine\/index.php?rest_route=%2Fwp%2Fv2%2Fmedia&parent=584"}],"wp:term":[{"taxonomy":"product_brand","embeddable":true,"href":"https:\/\/jetasolutions.com.br\/vitrine\/index.php?rest_route=%2Fwp%2Fv2%2Fproduct_brand&post=584"},{"taxonomy":"product_cat","embeddable":true,"href":"https:\/\/jetasolutions.com.br\/vitrine\/index.php?rest_route=%2Fwp%2Fv2%2Fproduct_cat&post=584"},{"taxonomy":"product_tag","embeddable":true,"href":"https:\/\/jetasolutions.com.br\/vitrine\/index.php?rest_route=%2Fwp%2Fv2%2Fproduct_tag&post=584"}],"curies":[{"name":"wp","href":"https:\/\/api.w.org\/{rel}","templated":true}]}}