{"id":156,"date":"2026-03-17T20:57:13","date_gmt":"2026-03-17T23:57:13","guid":{"rendered":"https:\/\/loja.jetasolutions.com.br\/vitrine\/produto\/smart-cctv-home-security-camera\/"},"modified":"2026-03-29T07:22:30","modified_gmt":"2026-03-29T10:22:30","slug":"kit-camera-seguranca-prova-dagua-infravermelho-lampada-sem-fio","status":"publish","type":"product","link":"https:\/\/jetasolutions.com.br\/vitrine\/?product=kit-camera-seguranca-prova-dagua-infravermelho-lampada-sem-fio","title":{"rendered":"Kit C\u00e2mera Seguran\u00e7a Prova D&#8217;\u00e1gua Infravermelho L\u00e2mpada Sem Fio"},"content":{"rendered":"<h6>Kit C\u00e2mera Seguran\u00e7a Prova D&#8217;\u00e1gua Infravermelho L\u00e2mpada Sem Fio<\/h6>\n","protected":false},"excerpt":{"rendered":"<p>Kit C\u00e2mera Seguran\u00e7a Prova D&#8217;\u00e1gua Infravermelho L\u00e2mpada Sem Fio<\/p>\n","protected":false},"featured_media":630,"comment_status":"open","ping_status":"closed","template":"","meta":{"_monsterinsights_skip_tracking":false,"_monsterinsights_sitenote_active":false,"_monsterinsights_sitenote_note":"","_monsterinsights_sitenote_category":0,"_uf_show_specific_survey":0,"_uf_disable_surveys":false,"_joinchat":[]},"product_brand":[],"product_cat":[31],"product_tag":[107,55,53,57],"class_list":{"0":"post-156","1":"product","2":"type-product","3":"status-publish","4":"has-post-thumbnail","6":"product_cat-cameras","7":"product_tag-cameras","8":"product_tag-most-popular","9":"product_tag-top-rated","10":"product_tag-top-selling","12":"first","13":"instock","14":"shipping-taxable","15":"product-type-external"},"_links":{"self":[{"href":"https:\/\/jetasolutions.com.br\/vitrine\/index.php?rest_route=\/wp\/v2\/product\/156","targetHints":{"allow":["GET"]}}],"collection":[{"href":"https:\/\/jetasolutions.com.br\/vitrine\/index.php?rest_route=\/wp\/v2\/product"}],"about":[{"href":"https:\/\/jetasolutions.com.br\/vitrine\/index.php?rest_route=\/wp\/v2\/types\/product"}],"replies":[{"embeddable":true,"href":"https:\/\/jetasolutions.com.br\/vitrine\/index.php?rest_route=%2Fwp%2Fv2%2Fcomments&post=156"}],"wp:featuredmedia":[{"embeddable":true,"href":"https:\/\/jetasolutions.com.br\/vitrine\/index.php?rest_route=\/wp\/v2\/media\/630"}],"wp:attachment":[{"href":"https:\/\/jetasolutions.com.br\/vitrine\/index.php?rest_route=%2Fwp%2Fv2%2Fmedia&parent=156"}],"wp:term":[{"taxonomy":"product_brand","embeddable":true,"href":"https:\/\/jetasolutions.com.br\/vitrine\/index.php?rest_route=%2Fwp%2Fv2%2Fproduct_brand&post=156"},{"taxonomy":"product_cat","embeddable":true,"href":"https:\/\/jetasolutions.com.br\/vitrine\/index.php?rest_route=%2Fwp%2Fv2%2Fproduct_cat&post=156"},{"taxonomy":"product_tag","embeddable":true,"href":"https:\/\/jetasolutions.com.br\/vitrine\/index.php?rest_route=%2Fwp%2Fv2%2Fproduct_tag&post=156"}],"curies":[{"name":"wp","href":"https:\/\/api.w.org\/{rel}","templated":true}]}}